what is -1223 - 213111?
-221000
In base 10, what is -2 + 20937?
20935
In base 4, what is 120 + 1022023?
1022203
In base 7, what is -141265 - 43?
-141341
In base 7, what is 1110032 - -4?
1110036
In base 6, what is -43513 + 0?
-43513
In base 11, what is -3 - -7680?
7678
In base 5, what is 40 - 41?
-1
In base 3, what is 110 - 21221?
-21111
In base 9, what is -180 + -2511?
-2701
In base 9, what is -6 - 3400?
-3406
In base 11, what is 261434 + 2?
261436
In base 7, what is -2 + -312320?
-312322
In base 11, what is 16217 - 26?
161a1
In base 10, what is -126 + 222?
96
In base 11, what is -51 - 2883?
-2924
In base 9, what is -364251 - -3?
-364247
In base 6, what is 35404321 + 0?
35404321
In base 15, what is b3 + -9cc?
-919
In base 7, what is 1015 + -13453?
-12435
In base 13, what is -56703 - -a?
-566c6
In base 5, what is -111 + 203?
42
In base 14, what is -16 - 8ab?
-8c3
In base 11, what is -4 + -25619?
-25622
In base 9, what is 522 + 512?
1134
In base 15, what is 776c4 + -9?
776ba
In base 16, what is -1a - 17a?
-194
In base 8, what is -1436313 - 5?
-1436320
In base 4, what is 3132113312 - -1?
3132113313
In base 14, what is -10 + 353?
343
In base 3, what is -122221 + 1022112?
122121
In base 5, what is 13021 + -112?
12404
In base 10, what is 126299 + 15?
126314
In base 5, what is 11344 - 1233?
10111
In base 15, what is -16a1 - 17?
-16b8
In base 12, what is 6 + 14a9?
14b3
In base 5, what is 10 - -340402?
340412
In base 3, what is -10 - -1102221221?
1102221211
In base 9, what is -4 + -21078?
-21083
In base 3, what is -21010112212112 + 10?
-21010112212102
In base 13, what is 3450 + 0?
3450
In base 6, what is 404324 - -13?
404341
In base 11, what is 13383 - -31?
13404
In base 14, what is 47 + -b400?
-b397
In base 2, what is -101 + 1110000010100010?
1110000010011101
In base 11, what is 7 - 3267?
-3260
In base 3, what is -110010101201200 - -12?
-110010101201111
In base 5, what is 244 - -302431?
303230
In base 3, what is 21 - 10110102211?
-10110102120
In base 6, what is -120512 - -1251?
-115221
In base 12, what is 12 - 195b?
-1949
In base 2, what is -100111010000 + 1000010?
-100110001110
In base 9, what is 38582 + -2?
38580
In base 13, what is 129b9 - -11?
129ca
In base 14, what is -13 - -2db52?
2db3d
In base 7, what is -26 - 222046?
-222105
In base 16, what is 4 - 3b7d3?
-3b7cf
In base 5, what is -1203 - -220443?
214240
In base 5, what is 310211230 - 1?
310211224
In base 13, what is 172a9 - -3?
172ac
In base 14, what is 2 - -13c04d?
13c051
In base 13, what is -4 - -9c71?
9c6a
In base 16, what is -c9 - -7d?
-4c
In base 4, what is 3031 - -311?
10002
In base 4, what is -1223022212 + -10?
-1223022222
In base 12, what is -1aab + -17?
-1b06
In base 14, what is 387 + -196?
1d1
In base 8, what is -14641 - -12?
-14627
In base 10, what is 5967 - 5?
5962
In base 11, what is -7059 + 162?
-69a7
In base 13, what is 1 + -317c?
-317b
In base 4, what is 101 - 2321320?
-2321213
In base 16, what is -17d9 + 28?
-17b1
In base 16, what is -7 + 5ab?
5a4
In base 4, what is 111021300 - 20?
111021220
In base 2, what is -10010101100000 - 11110000?
-10011001010000
In base 8, what is 0 - 6555?
-6555
In base 2, what is -110111000 - 10000?
-111001000
In base 5, what is -432 - 4?
-441
In base 11, what is -3 + 5683?
5680
In base 10, what is -306 - -21?
-285
In base 9, what is -3220 - -22?
-3187
In base 2, what is 111111001100 - -11110111?
1000011000011
In base 12, what is -76 - 116b?
-1225
In base 15, what is 16 + -47e?
-468
In base 7, what is 3 + -166551?
-166545
In base 5, what is -21 - -323004?
322433
In base 6, what is -40450 + -55?
-40545
In base 2, what is 1001 + 10001100011?
10001101100
In base 13, what is 252 - 59?
1c6
In base 4, what is -221121 - 1122?
-222303
In base 7, what is -213602 + 36?
-213533
In base 2, what is 110110000 + -11000011?
11101101
In base 11, what is -6 - 23412?
-23418
In base 7, what is -22 + 342?
320
In base 13, what is -3c9 - 28a?
-686
In base 5, what is -1 + -132243131?
-132243132
In base 12, what is -3 + -4022bb?
-402302
In base 4, what is 10 - -2113221?
2113231
In base 15, what is -65 + -1e9a?
-2010
In base 8, what is -4350425 + -1?
-4350426
In base 15, what is -7d - 7226?
-72a4
In base 16, what is -5314 + 0?
-5314
In base 5, what is -414 - 2140?
-3104
In base 13, what is -12 + c976?
c964
In base 11, what is -4 - 6115?
-6119
In base 15, what is -2dc2 - 4e?
-2e21
In base 15, what is -59b4 + -ce?
-5a93
In base 6, what is 1251323 - -3?
1251330
In base 7, what is 5123451 - 1?
5123450
In base 2, what is 10011001100 + -110001?
10010011011
In base 14, what is 5 - -916?
91b
In base 5, what is -11043 + 410?
-10133
In base 2, what is -110100 - -100110001?
11111101
In base 2, what is 1001 - -1000011110111?
1000100000000
In base 3, what is 1122 - -122001021?
122002220
In base 4, what is 1000022123 - -2?
1000022131
In base 9, what is -2 - 12623?
-12625
In base 13, what is 31578 - -4?
3157c
In base 14, what is -ad8a + d?
-ad7b
In base 2, what is -1001011000110 + 1000?
-1001010111110
In base 7, what is -1325 - -53?
-1242
In base 6, what is -11135 - 134?
-11313
In base 16, what is c8 - 178?
-b0
In base 3, what is -110212110 - 22?
-110212202
In base 4, what is 132112201 + 123?
132112330
In base 8, what is -2204455 + 2?
-2204453
In base 7, what is 1426323 - -5?
1426331
In base 12, what is 5 - 8420?
-8417
In base 7, what is 16134 + -4?
16130
In base 16, what is 38e - 76c?
-3de
In base 2, what is -11001010111000111 - -1?
-11001010111000110
In base 7, what is 32 - 2033?
-2001
In base 13, what is -5 + -4188?
-4190
In base 6, what is 2 + -21525?
-21523
In base 8, what is -11 - -50252?
50241
In base 6, what is -2 + 100540?
100534
In base 3, what is 200202010 - 11222?
200120011
In base 6, what is 3 + -141523?
-141520
In base 15, what is d17 + -2?
d15
In base 14, what is 3 - 246535?
-246532
In base 6, what is -22 + -3321533?
-3321555
In base 11, what is 151463 + 2?
151465
In base 11, what is 20a9 + 42?
2140
In base 5, what is -33 + 434323?
434240
In base 15, what is c09 + -1c?
bdc
In base 11, what is 24a1 + 250?
2741
In base 7, what is 26 - 56660?
-56631
In base 12, what is -a - 9229?
-9237
In base 15, what is 4819 - 1?
4818
In base 3, what is -10011001 - 10?
-10011011
In base 7, what is -1 - 15065?
-15066
In base 13, what is 148 + 32a5?
3420
In base 6, what is -1 + 120151?
120150
In base 6, what is 32531 - 150?
32341
In base 10, what is 38460 - 0?
38460
In base 9, what is 530 + -445?
74
In base 9, what is 83 - 476?
-383
In base 6, what is 22 + -152420?
-152354
In base 7, what is -5 + -25031?
-25036
In base 10, what is 1 - 78298?
-78297
In base 2, what is -111000101 + 1000100101001?
111101100100
In base 6, what is 2112331 - -4?
2112335
In base 3, what is 122 - -1011100201?
1011101100
In base 8, what is -16 + -5654?
-5672
In base 16, what is 25ee + 5?
25f3
In base 3, what is -200101002 + -11?
-200101020
In base 15, what is 3 + -8c280?
-8c27c
In base 4, what is 0 + 212231121?
212231121
In base 5, what is 344 + -14240?
-13341
In base 2, what is 10 + -1101101010101110?
-1101101010101100
In base 12, what is 3 - 11748?
-11745
In base 6, what is 34 + 4015?
4053
In base 7, what is -62400 - 50?
-62450
In base 7, what is 3636 - -130?
4066
In base 6, what is -3412502 + 2?
-3412500
In base 8, what is -1 - -1566411?
1566410
In base 9, what is -42 - 22570?
-22622
In base 16, what is -2e - c22?
-c50
In base 16, what is -ea9 + 2?
-ea7
In base 2, what is -11 - -1011101110?
1011101011
In base 2, what is -1 + -101111011101?
-101111011110
In base 2, what is -100010 + -1101111111?
-1110100001
In base 3, what is -1 + 101202012210?
101202012202
In base 3, what is -10201 + -11222202?
-12010110
In base 9, what is 0 + 3073?
3073
In base 13, what is -b231a1 - -2?
-b2319c
In base 8, what is 14450 + -1?
14447
In base 4, what is -2 - -10313300?
10313232
In base 8, what is -1 - -515444?
515443
In base 11, what is 55935 + 1?
55936
In base 14, what is 2 + -547?
-545
In base 3, what is 10 - 1121102020?
-1121102010
In base 6, what is 24051 - -20?
24111
In base 15, what is 7805 + a?
7810
In base 3, what is -20 - 2201121002?
-2201121022
In base 16, what is -9ce - 2?
-9d0
In base 2, what is -100011011 + -111010110?
-1011110001
In base 12, what is 20551 + -b?
20542
In base 10, what is -3 + -268418?
-268421
In base 1